factors of o.
11
Suppose 3*x - 5*x + 4 = 0. Let u be (4/(-3))/(4/(-126)). Suppose 0 = -2*p + x*r + 6, 4*r - u = -4*p - p. List the prime factors of p.
2, 3
Let y(c) be the third derivative of 5*c**5/12 + c**3/6 - 2*c**2. Let v be y(1). What are the prime factors of v/8 + (-3)/12?
3
Suppose 2*f = 4*k, 3*f + 9 = 7*f + k. Suppose -f*y = -68 + 16. What are the prime factors of y?
2, 13
Let v(t) = t**2 - 12*t - 6. Let x be v(13). Suppose -s + x*s = 78. List the prime factors of s.
13
Let c = -49 - -113. Suppose 3*t - c = t. What are the prime factors of t?
2
What are the prime factors of ((-14)/(-5))/((-4)/(-40))?
2, 7
Suppose 0 = -2*j + 4, -t = 2*j - 8 + 2. Suppose -3*x = -a - 6*x + 25, t*x = 10. What are the prime factors of a?
2, 5
Suppose -2 = -s - 0. List the prime factors of s.
2
Suppose 0 = 5*k + m + 31, -2*k - 35 = 3*k + 5*m. List the prime factors of 8/(-12) + (-100)/k.
2
Suppose 2*w + 4*y = 8, 0*y - 2*y - 8 = 0. Suppose -4*u + w = -2*u. Suppose -3 = -h, 2*h = -2*m + 4*h + u. What are the prime factors of m?
2, 3
Let d(s) = s - 3. Let p be d(5). Suppose 0 = p*q - 1 - 11. What are the prime factors of 44/6*9/q?
11
Let a(n) = -10*n**2 + 2*n - 1. Let w be ((-4)/6)/((-4)/6). Let v be a(w). Let b = v + 18. List the prime factors of b.
3
Suppose 2*k - 4*i - 28 = -9*i, 3*k + i = 42. Let d be 10/(-1)*(-7)/k. Let f(u) = -u**2 + 7*u - 5. List the prime factors of f(d).
5
Let p be 3 + (0 - 1) + -23. Let a = -2 - p. What are the prime factors of a?
19
Suppose 4*c - 5 = -c. Let b = c + 6. List the prime factors of b.
7
Let x(m) = m**3 - 11*m**2 + 13*m - 15. Let i = -9 - -19. List the prime factors of x(i).
3, 5
Let w(a) = -a**3 + 7*a**2 - a + 17. List the prime factors of w(5).
2, 31
Suppose -5*a - 5*f = 17 - 97, 9 = 3*f. List the prime factors of a.
13
Let f = 2 + -7. Let t(k) = k - 1. Let v be t(f). Let z = v + 10. List the prime factors of z.
2
Let b be 0*((-6)/(-3) + -1). Suppose 3*j - 4*z - 34 = b, 0 = 5*j - 3*z + 10 - 74. List the prime factors of j.
2, 7
Let j(g) = g**3 - 7*g**2 - 7*g - 6. Let d be j(8). Suppose d*m - 10 = -3*m. Suppose -6*h + h = -m*v - 12, 4*v - 4 = -4*h. List the prime factors of h.
2
Let g(z) = 37*z**2 + 1. Let n be g(-1). Suppose -p - n = -3*p. What are the prime factors of p?
19
Suppose 5*t + 5*p - 710 = 0, 0 = 2*t - 4*t - p + 284. List the prime factors of t.
2, 71
Suppose -4*d = 2*b, -5*d = 4*b - 0*b - 6. Let w(f) = 30*f. Let i be w(1). Suppose -a - i = -b*a. What are the prime factors of a?
2, 5
Let s(b) = 12*b - 1. List the prime factors of s(5).
59
Let j(n) be the second derivative of -n**3/3 + n**2/2 - n. Let b be j(5). Let q = -1 - b. List the prime factors of q.
2
Let p(a) = a**2 + 4*a + 1. What are the prime factors of p(-7)?
2, 11
Suppose 35 = 2*u + 5. What are the prime factors of u?
3, 5
Suppose -2*w = h + 14, -2*h - 60 = h - 3*w. What are the prime factors of 530/45 + (-4)/h?
2, 3
Let v(g) = -5 - 4 + 2*g + 5*g**3 - 4*g**3 - 8*g**2. List the prime factors of v(8).
7
Suppose 3*u = t + 18, -4*u + 23 = -2*t + t. Suppose -2*i + 6*i = u*a + 81, 2*a - 78 = -3*i. What are the prime factors of i?
2, 3
Let n(v) = -v + 12. Let p = 24 - 21. What are the prime factors of n(p)?
3
Let k(b) = -2*b**2 - b**3 + 5 - 7 - 8*b**2 - 11*b. List the prime factors of k(-9).
2
Let j(l) = -2*l + 14. List the prime factors of j(-25).
2
Let w(a) = 3*a**2 + a + 3. Let p be w(-4). Suppose -p = -4*x + 3*z, -2*z + 11 = 4*x - 31. What are the prime factors of x?
11
Suppose -k - 2*o + 11 + 1 = 0, -21 = 2*k - 5*o. Suppose 0 = -k*z - 0 + 94. What are the prime factors of z?
47
Let i be (-2)/(-10) - 122/10. What are the prime factors of i*(3 - 22/4)?
2, 3, 5
Let q be (-4)/6*(100 + -4). Let m = -38 - q. List the prime factors of m.
2, 13
Let u be (-27)/(-18) + (-6)/(-4). Suppose u*n - 5*a - 9 = 0, n + 2*a = -3*a + 23. List the prime factors of n.
2
Let o(v) = 5*v**3 - v**2 + 9*v - 13. Let n(f) = -3*f**3 - 5*f + 7. Suppose 3 - 15 = 3*d. Let z(p) = d*o(p) - 7*n(p). List the prime factors of z(-4).
7
Suppose 6*l = -a + 2*l + 22, -4*a - l = -118. What are the prime factors of a?
2, 3, 5
Let k(q) = q**3 + 6*q**2 + 3*q - 7. Let s be k(-5). Suppose -s = -3*z + 15. What are the prime factors of z?
2, 3
Suppose 0 = -n - 4*g + 3, -2*g - 10 = 3*g. What are the prime factors of n?
11
Suppose -4*a = 4*t - 16 + 4, a + 3 = 0. List the prime factors of t.
2, 3
Suppose 4*a - 18 = 2*a. Let r(k) = -k**2 + 13*k + 1. List the prime factors of r(a).
37
Let r = 399 + -266. What are the prime factors of r?
7, 19
Let s(w) = 17*w - 1. Let n be s(1). Let z(l) = -5 + n + 3*l - 4*l. What are the prime factors of z(0)?
11
Suppose -21*g + 24*g - 36 = 0. List the prime factors of g.
2, 3
Let b(s) = s**2 - 8*s - 10. Let p be b(9). Let v(m) = -2 + 4*m - 2*m + 4 + 2*m**2 - 1 - 8*m**3. What are the prime factors of v(p)?
3
Suppose 4 = 3*j - 125. What are the prime factors of j?
43
List the prime factors of 480/42 - (-3)/(-7).
11
Let d(a) = -a - 16. Let f be d(-9). Let o = 15 + f. What are the prime factors of o?
2
Let b be ((-6)/5 + 2)*5. Suppose 0 = -b*p + 8, -5*f - 3*p + 27 = -2*f. List the prime factors of f.
7
Suppose -3*z + 2*p - 4*p = -26, -2*z + p = -8. Suppose -s + 3 = -2*n - 1, 5*s - 2 = 4*n. Let w = n + z. What are the prime factors of w?
3
Let x(y) = y**2 + 6. Let a = -3 + 7. Let v be a/(-16) + 1/4. List the prime factors of x(v).
2, 3
Let a = -4 + 6. List the prime factors of a.
2
Let p(f) = -5 + 2*f**2 + 2*f**2 + 9*f - 5*f**2. What are the prime factors of p(5)?
3, 5
Let w = 5 - 3. What are the prime factors of w?
2
Suppose 4*p + 0*p - 96 = 0. What are the prime factors of 2/(-8) - (-54)/p?
2
Let f = -45 + 176. List the prime factors of f.
131
Suppose 196 = 3*d - 158. List the prime factors of d.
2, 59
Suppose -y = -3*t + 11, 1 = -5*y + 5*t - 4. Suppose 5*l = -y*s + 110, -5*l - 2*s = -2*l - 66. List the prime factors of l.
2, 11
Let v = -6 - -2. Let o = -2 - v. List the prime factors of o/(-3) + (-60)/(-9).
2, 3
List the prime factors of ((-10)/5)/((-2)/4) + 334.
2, 13
Let k = -5 + 5. Suppose -2*r + 2 = -r + 2*t, 4*r + 2*t - 38 = k. What are the prime factors of r?
2, 3
Suppose -a - 5*p + 13 = 0, -2*a - 3*p = -2*p - 26. Let o = a + -9. Suppose -o*c = -2*c + 3*f - 16, -c - f + 8 = 0. List the prime factors of c.
2
Let c(v) = v - v + v + 0. Let g be c(3). Suppose 19 = 2*x - g. What are the prime factors of x?
11
Let h = 4 + -7. List the prime factors of (h - 0)/(-3) + 7.
2
Let q = 7 + 13. Suppose 3*r + 4*v = -6 - 5, -4*v = q. List the prime factors of r/18*-2*-9.
3
Suppose 45 = 4*v + v. Let b = v + 0. List the prime factors of b.
3
Let d(u) = -16*u + u**2 + 3 - 2*u**2 + 10 + 0*u**2. What are the prime factors of d(-15)?
2, 7
Let i = 21 + -15. Let s = i + -3. Let g(f) = 3*f - 4. What are the prime factors of g(s)?
5
Let p(b) be the first derivative of b**3/3 + 2*b + 4. What are the prime factors of p(2)?
2, 3
What are the prime factors of (4/(24/3))/(1/196)?
2, 7
Let d = 78 - 111. Let a = d + 54. List the prime factors of a.
3, 7
Suppose -4*v = -3*s + v - 399, -3*v - 285 = 2*s. Let y(h) = h**3 + 7*h**2 + 7*h. Let p be y(-6). List the prime factors of (p/9)/(4/s).
23
Let o(h) be the third derivative of -h**5/60 - 11*h**4/24 + h**2. Let n be o(-8). Let s = n - 12. List the prime factors of s.
2, 3
Let k be (0 - -1) + (-1 - -6). Suppose k*m = 2*m. Suppose -l - l + a + 19 = m, -2*l + 22 = 2*a. List the prime factors of l.
2, 5
Let g(k) be the second derivative of k**4/12 + k**3/2 - k**2 - 2*k. Suppose 0*c - 2*a = c - 1, -2*c + 3*a - 19 = 0. List the prime factors of g(c).
2
Suppose -n - 62 - 8 = 0. Let r = -31 - n. What are the prime factors of r?
3, 13
List the prime factors of 7 + 0 + (-2 - -4).
3
Let z = 5 - 3. Let t(r) = 7*r**2 - 2 - 5*r**2 + 0*r**2. What are the prime factors of t(z)?
2, 3
Suppose 6*s + 120 = 2*h + 2*s, -2*h = 4*s - 152. Let i = -44 + h. What are the prime factors of i?
2, 3
Suppose 0*x = 2*x. Let a = x - -1. What are the prime factors of (-4 + a)/((-1)/2)?
2, 3
Suppose -5*x - 29 = 2*g + 40, 4*g - 5*x + 123 = 0. Let p = g - -52. What are the prime factors of p?
2, 5
Let a be -3*(-3)/9*26. Let y = a - 8. List the prime factors of y.
2, 3
Let c be (-8)/(-44) - 884/22. Let g = -14 - c. What are the prime factors of g?
2, 13
Let r(i) = i + 3. Let n be r(0)